 u(z) = z**2 + 5*z - 2. Let d be u(-6). Let x = 5 - 1. Suppose -11 = v - 3*f - x, d*v - 37 = -f. Calculate the greatest common divisor of 4 and v.
4
Let s be ((-17)/3)/((-2)/(-6)). Let u = s - -26. Calculate the highest common divisor of u and 63.
9
Let x(a) = -15*a - 3. Suppose 16 = -4*i + 4. Let f be x(i). Calculate the highest common divisor of 28 and f.
14
Let m be 7*(2 + (-12)/(-21)). Let y = m - 11. Let o be 6/(0 + 3) + y. What is the highest common factor of o and 3?
3
Let h = -2 + 41. Let t(s) = 4*s**2 + 2*s + 1. Let x be t(-2). What is the highest common factor of h and x?
13
Let a(m) = m**3 - 9*m**2 + m - 4. Let x be a(9). Calculate the greatest common divisor of x and 40.
5
Let c(f) = -9*f**3 - f**2 - f. Let q be c(-1). Let s be 8/8*(1 - 167). Let v = s - -238. What is the greatest common factor of q and v?
9
Suppose -2*x = j - 0*j + 8, -j - 5*x - 23 = 0. Suppose 7*f - 5 = j*f. Let q be (10/(-5))/(f/(-70)). What is the highest common divisor of 14 and q?
14
Suppose 0 = -107*i + 110*i - 189. What is the greatest common divisor of i and 105?
21
Suppose 53 = 5*i - w, 5*w - 11 - 4 = -3*i. Calculate the highest common divisor of i and 2.
2
Suppose 0 = 2*z + z - 48. Suppose n + 5*t + 15 = 6*n, -4*t = 3*n - z. What is the highest common factor of 20 and n?
4
Suppose 0 = 62*y - 59*y - 105. What is the highest common factor of 105 and y?
35
Let n be (-8)/12 - (-8)/3. Let s be (n - -8)/1 + 0. Calculate the highest common factor of s and 10.
10
Let h = 3 - -8. What is the greatest common divisor of h and 22?
11
Let r(i) = 3*i**2 + 8*i. Let c be r(-6). Suppose -6*k + 49 = -41. Calculate the highest common factor of c and k.
15
Let p = -86 - -89. Let s(h) = h**2 + 9. Let u be ((-1)/1)/(-1) + -1. Let d be s(u). Calculate the greatest common factor of d and p.
3
Let o(l) = -l**2 - 6*l - 3. Let b be o(-4). Suppose 3*i = 2*g - b, -4*g + 4*i - 2*i = -22. What is the greatest common factor of 7 and g?
7
Suppose 4*n = -3*v + 49, -67 = -8*v + 3*v - 3*n. Let b be (-31)/3 - 12/18. Let s = 11 - b. Calculate the highest common factor of s and v.
11
Let t = 1 + 38. Suppose -13 = -4*s + 39. Calculate the highest common divisor of t and s.
13
Suppose y + 0*v + v - 3 = 0, -2*v = 3*y - 10. Let h(d) = 121*d - 2 - 57*d - 61*d. Let x be h(y). What is the greatest common factor of x and 10?
10
Suppose z - 1 = -5*x, 5*x - 65 = -0*z - 5*z. Calculate the greatest common factor of z and 80.
16
Let x be (6/10)/((-1)/(-95)). What is the greatest common divisor of x and 19?
19
Let b be (1 - 2)*(-3 + 3). Suppose -g + 3*g - 60 = b. Let k = 19 + -9. Calculate the greatest common divisor of g and k.
10
Suppose 7*m + 260 = 12*m. What is the highest common factor of 78 and m?
26
Let z = 3 - -15. What is the highest common divisor of 6 and z?
6
Suppose 3 = -5*f + 8. Let x be (2/(-6))/(34/(-204)). Calculate the highest common factor of f and x.
1
Let u = 92 - -8. Let p = 140 - u. What is the highest common divisor of p and 16?
8
Let u be 1*-5 + 1 + 1015/7. What is the highest common divisor of u and 94?
47
Let u be 4/12 + 1950/9. Calculate the highest common divisor of 31 and u.
31
Suppose 4*z - 732 = 8*r - 4*r, -3*z = 3*r - 531. Suppose -5*k - 25 = -t, t - 19 - 5 = 4*k. Calculate the highest common divisor of t and z.
20
Let l = -287 - -413. Calculate the highest common factor of l and 14.
14
Let n be (-3)/2*2 + 2. Let y be 19 + (-1 - n) + 2. Calculate the highest common divisor of y and 189.
21
Let o = -238 - -419. Let y = 361 - o. Calculate the highest common factor of y and 20.
20
Let l(o) = o**2 + 5*o - 3. Let p be l(-6). Let c = -6 + p. Let y be (-5)/(9/c - -2). What is the highest common factor of 1 and y?
1
Let l(w) = -3*w - 1. Let r be l(-1). Suppose r*b - 22 + 2 = 0. Suppose 3*h + 250 = 6*h + 5*f, -h - f = -86. What is the highest common factor of b and h?
10
Let n be (-6)/((-2)/24*2). Suppose -4 = -2*y + n. What is the greatest common divisor of y and 5?
5
Suppose 0 = -15*b + 9*b + 630. Calculate the highest common factor of b and 63.
21
Let h = 12 + -10. Suppose n = h + 1. Let f be (-4 + 0)/(n/(-30)). What is the greatest common divisor of 10 and f?
10
Let j = 29 - 15. Let p be 168/9*18/24. Calculate the greatest common factor of p and j.
14
Let f = 34 - 9. Let v = -13 + f. What is the greatest common divisor of 4 and v?
4
Let r = 3 - 0. Suppose 0*c + 3 = -r*c. Let b(y) = 107*y**2 - 2*y - 1. Let l be b(c). Calculate the highest common factor of 12 and l.
12
Suppose 2*s + 9 = 5*s. Let v(r) = -r**3 - 3*r**2 + 5*r + 3. Let f be v(-4). Let u be (f + 2)*(18 + s). What is the highest common divisor of 63 and u?
21
Suppose 3*g + 2 = 4*g. Suppose s = -3*q + 11, -8*s + 3*s + 33 = 4*q. Suppose -x + s = -0*x. What is the greatest common divisor of g and x?
1
Let p(y) = -5*y + 6. Let v(m) = -2*m + 3. Let b(k) = -4*p(k) + 9*v(k). Let x be b(4). Let w = 21 - 10. What is the greatest common factor of w and x?
11
Let m(w) = w + 1. Let n be (-4)/(1 + 12/(-9)). Let s be (n/(-9))/(4/(-6)). Let y be m(s). Calculate the greatest common factor of y and 1.
1
Let j(u) = u**2 - u - 2. Let a be j(-2). Let m be 0*a/(-16) - -1. What is the greatest common factor of 9 and m?
1
Suppose 3*p = -0*p - 42. Let m = p - -44. Calculate the greatest common divisor of 12 and m.
6
Suppose r = 3*r + 2*y - 6, -r + 2*y = 0. Let v be 1/r - (-363)/22. What is the highest common divisor of 17 and v?
17
Suppose 14*i = -28 + 238. Calculate the highest common divisor of i and 240.
15
Let q(g) = 4*g**3 - 5*g**2 + 4*g. Let t be q(3). Suppose 16 - 4 = 4*u. Suppose 0 = -u*r + 129 - 39. What is the greatest common divisor of t and r?
15
Let k = 148 + -48. What is the highest common divisor of 20 and k?
20
Let n(t) = -2*t**2 + 3*t - 2. Let v be n(2). Let r = 17 + v. Calculate the highest common divisor of 13 and r.
13
Let v be -2*1 - -3 - -1. Let p(f) = 11*f**2 + f - 2. Let d be p(v). Let i = -3 - -7. What is the greatest common factor of i and d?
4
Suppose -2 = -4*f + 14. Suppose -4*g - 3*v + 7 = 0, -f*g = -5*v + v - 28. Suppose -g*r + 0 + 20 = 0. What is the greatest common factor of 35 and r?
5
Suppose -32 = 8*b - 10*b. What is the highest common factor of 144 and b?
16
Let n = -234 - -360. Suppose 5*c = g + 104, -5*g + 100 = 5*c - 10*g. Calculate the greatest common factor of c and n.
21
Suppose -133 = -4*j + 43. What is the greatest common divisor of j and 11?
11
Let t = 19 - 16. Suppose n + 11 = 4*k, -4*n - 2*k - t*k + 61 = 0. Calculate the highest common factor of 6 and n.
3
Let r(c) = -1 + c**3 - 4*c**2 + 0*c**2 + 3*c - 4*c + 5*c. Let n be r(3). What is the highest common factor of 2 and n?
2
Suppose 4*b - 8*b = -m - 10, -3*b = -2*m - 5. Suppose -6*p + 3*p + 5*z = -25, -b*p + 41 = -z. Calculate the highest common divisor of p and 165.
15
Let a(n) = n**3 + n**2 + n + 5. Let k be a(0). Suppose 22 = 3*v + p, -3*p + 5 = v - k. What is the highest common factor of v and 28?
7
Suppose 4*g - 25 = 2*w - 5*w, -3*g = 5*w - 27. Let v(l) = 4*l**3 + l**2 + 3*l + 2. Let i be v(w). Calculate the highest common factor of i and 16.
16
Suppose 3*h + 2*m - 97 = -0*m, -8 = 2*m. What is the highest common factor of h and 14?
7
Suppose 2*s - 37 - 27 = 0. Suppose -q = -v + 8, 0 = 2*v - 6*v - 3*q + s. Calculate the greatest common factor of 64 and v.
8
Suppose 2*f = 5*f + 9. Let d(c) = -3 + 2 - 4 + 3 - 3*c. Let r be d(f). Calculate the highest common factor of 14 and r.
7
Let s be -7 + 1 + 264/4. Calculate the highest common divisor of 36 and s.
12
Suppose 0 = -2*b - b + 33. Let v(f) = -f + 17. Let c(z) = z**2 - 2*z + 1. Let w be c(-3). Let n be v(w). What is the highest common divisor of b and n?
1
Suppose 4*c - 14*u = -17*u + 157, 4*c = -2*u + 158. What is the highest common factor of c and 10?
10
Suppose -2*o - 2*m + 0*m = 6, 4 = -m. Suppose d - o = 4*j - 0*d, 3*d + 13 = -4*j. Let w be j/6 - 255/(-18). Calculate the highest common divisor of w and 14.
14
Let s = 157 - 69. Let r = 3 + -5. Let f be 12/(3 + r) - 1. Calculate the highest common factor of f and s.
11
Suppose 5*m + n - 3*n - 35 = 0, m + 4*n + 15 = 0. Calculate the highest common factor of 2 and m.
1
Let y(v) = v**3 - 8*v**2 - 6*v - 14. Let j be y(10). Suppose 0*a - a = -j. Let m be (-39)/(-3) - (0 + -1). Calculate the greatest common divisor of a and m.
14
Let t(o) = o*